6526. Calculate the highest common divisor of q and v.
12
Let b(x) = 3*x + 38. Let j be b(-12). Suppose -j*f = 3*c - 328, -c + 49 = 5*f - 56. What is the highest common factor of 10 and c?
10
Suppose -r = 4*r + 5*m + 685, 4*r = -m - 563. Let y be 9/3 - r/2. Calculate the greatest common divisor of y and 185.
37
Let y(u) = 2*u**2 + 39*u - 38. Let v be y(-22). What is the highest common divisor of v and 8?
8
Suppose 6*h = 14 + 22. Let m be (h/4)/((-1)/(-22)). What is the highest common factor of m and 11?
11
Let k = -30 - -33. Suppose 10 = -h + w, 9*w - 4*w = k*h + 36. Let d be 2/1*h/(-14). Calculate the greatest common factor of 7 and d.
1
Suppose 4 = 8*w - 7*w. Suppose -w*g = -g. Suppose 5*u - 4*u - 184 = g. What is the highest common factor of 23 and u?
23
Let y(n) = -n**3 - 14*n**2 - 16*n + 10. Let o be y(-13). What is the greatest common divisor of o and 7?
7
Suppose 5*h + 1231 = -5*t + h, -4*t = 3*h + 985. Let r = -103 - t. What is the highest common factor of r and 16?
16
Let l be 3/9 + 230/3. Let t be (-1 - 1)*-2*42/24. What is the highest common divisor of t and l?
7
Suppose -3*w + 27 = -3*f, -5*f + 39 = -0*w + 2*w. Suppose -494 + 1790 = 4*t. Suppose r = 4*r - t. What is the highest common divisor of w and r?
12
Let c(a) = 4*a**2 - 2*a - 6. Let i be c(2). Calculate the highest common divisor of i and 102.
6
Let u be (1 - 37)*(-4)/12. Suppose g = -g + 2*p + u, 0 = 4*p + 8. Let m be g - (-4 + 2 + -22). Calculate the highest common factor of m and 7.
7
Suppose -5*f + f + 20 = 0. Suppose -w + 4*b + 32 = 0, 65*b = 61*b - 12. Calculate the highest common divisor of w and f.
5
Let w = -441 + 723. Let s = w - -96. Suppose s - 99 = 3*p. What is the highest common divisor of 62 and p?
31
Let a(t) = -26*t. Let q be a(-4). What is the greatest common factor of 16 and q?
8
Let a(h) be the first derivative of -5*h**2 - h - 10. Let j be a(-2). What is the greatest common divisor of 19 and j?
19
Let s(v) = v**3 - 4*v**2 + 3*v + 8. Let h be s(4). Calculate the greatest common factor of h and 20.
20
Suppose 8 = 4*a - 5*x + x, -2*x - 7 = -3*a. Suppose -81 + 18 = -7*i. Suppose q - a = i. Calculate the greatest common divisor of q and 3.
3
Suppose -3*c + 10 = -5. Let q(s) = 4*s**2 - 17*s + 27. Let l be q(4). Let t = l - c. What is the highest common factor of t and 6?
6
Let i be 11 + -14 + 1 + -654. Let x = i + 331. Let c be 28/(-2)*x/26. What is the highest common divisor of 25 and c?
25
Let q be (15/35)/(10/490). What is the highest common factor of q and 56?
7
Suppose -3*v + f + 319 = 0, 4*v + 2*f + 422 = 8*v. Suppose -v = 15*l - 17*l. Calculate the greatest common factor of 6 and l.
6
Let x(w) = w**2 + 3*w + 4. Let z be x(-2). Calculate the greatest common factor of 72 and z.
2
Let s(f) = -f. Let v be s(6). Let h be 2/4 - 303/v. Let t(c) = -c + 22. Let u be t(5). Calculate the greatest common factor of u and h.
17
Let a(z) = -z. Let j be a(-6). Suppose -3*t + 21 = -j. Calculate the greatest common factor of 1 and t.
1
Let y(l) = 9*l**2 - 433*l + 70. Let d be y(52). What is the highest common divisor of d and 252?
126
Suppose -7*s + 140 = -0*s. Calculate the highest common factor of 5 and s.
5
Let q(o) = 14*o + 42. Let t be q(8). Calculate the highest common divisor of t and 110.
22
Suppose 259 = -4*x - 21. Let z be (x/25)/(1/(-5)). Calculate the highest common divisor of z and 112.
14
Suppose 3*g - 8*g + 85 = b, -5*b + 3*g = -313. Calculate the highest common factor of 80 and b.
5
Suppose -r - 6 = 2*s, -3 = 3*s - 2*s. Let x = 11 + r. What is the highest common factor of 55 and x?
11
Let j = -32 + 74. Let f(l) = l**3 + 24*l**2 - l - 10. Let g be f(-24). Calculate the greatest common divisor of j and g.
14
Let u = -449 + 452. Calculate the greatest common factor of 12 and u.
3
Let i = 45 - 37. Calculate the highest common divisor of 88 and i.
8
Let p(y) = 20*y - 5. Let n be p(-2). Let g = n - -62. Calculate the highest common factor of 17 and g.
17
Let u = -8 - -14. Let x be (-5)/(-10)*(334 - 2). Suppose -4*y - y + 59 = g, -3*g = 4*y - x. What is the greatest common divisor of u and g?
6
Let o(t) = 119*t + 497. Let v be o(-4). Let u = -206 + 290. Calculate the highest common divisor of u and v.
21
Suppose -5*l = -826 + 86. Let x = 335 - l. Suppose 0 = -3*o + 5*m + 71, 0*o + 63 = 3*o - 3*m. What is the greatest common divisor of o and x?
17
Let f = 182 - -1456. What is the highest common factor of f and 42?
42
Suppose 4*n = v - 0*v - 20, 0 = -3*n + 3. Let u be 60/(-7)*756/(-270). Calculate the highest common divisor of u and v.
24
Suppose 4*l - 5*l + 12 = -3*g, 3*g = -9. Suppose -5*a + l = -2*a, 109 = 2*y - 5*a. Calculate the greatest common divisor of 627 and y.
57
Suppose 0 = 49*l - 43*l - 972. Calculate the greatest common divisor of l and 90.
18
Let d = -4 - -8. Let o = 138 - 132. Calculate the greatest common factor of d and o.
2
Let c be (119/(-21))/(1/(-45)). Calculate the highest common factor of c and 102.
51
Suppose 5*s = 3*p + 2*p - 50, p - 2*s = 15. Let o be (-12)/(-9) + p/(-15). What is the greatest common factor of 7 and o?
1
Let t = 440 - 271. Let c = -133 + t. What is the highest common factor of c and 90?
18
Let j = -1163 - -1176. What is the greatest common divisor of 1937 and j?
13
Let n(s) = s + 2. Let x be n(7). Suppose 3*p = -4*d + 2*d - 2, d = 4*p + 10. Suppose 5*m - d - 3 = 0. What is the highest common factor of x and m?
1
Let v = -790 + 804. What is the highest common divisor of v and 2?
2
Suppose 0 = 21*h - 23*h - 4*m + 410, 0 = -5*h - 5*m + 1030. What is the greatest common factor of 23 and h?
23
Suppose 4*s - 164 = -3*t, -258*t - 2*s = -263*t + 308. Let g = 6 - -14. What is the highest common factor of t and g?
20
Suppose 0 = -8*i - i + 153. Let t be (-1)/4 - 276/(-16). Calculate the greatest common divisor of i and t.
17
Suppose -28 = -25*i + 23*i. What is the greatest common factor of i and 28?
14
Suppose 5*f - 3818 + 656 = 2*k, 2*k + 1266 = 2*f. Calculate the highest common factor of 8 and f.
8
Let h = -12 + 8. Let f(i) = 2*i**2 + 4*i + 2. Let q be f(h). Let u be (-29)/(-9) - 4/q. What is the highest common factor of u and 15?
3
Let u(n) = -n**3 - 12*n**2 - 23*n - 7. Let x be u(-11). Calculate the greatest common divisor of 75 and x.
25
Let m be 4/18 - (-25)/9. Suppose 7*t - 13 = 29. Suppose 5*q = t*q - 9. Calculate the highest common divisor of m and q.
3
Suppose 2*k - 10 = -n, -n + 25 = 4*k + 7. Suppose -n*o = -3*o + 10. Let y(z) = z**2 + 5*z + 4. Let s be y(-6). Calculate the highest common factor of s and o.
10
Let f be -4*(189/(-12) + 4). Calculate the highest common divisor of 94 and f.
47
Let x(z) = z**3 + 14*z**2 + 5. Let r be x(-14). Suppose -k + 2*k - 52 = -3*d, 2*k - r*d = 49. Calculate the highest common divisor of 37 and k.
37
Let j = 46 + -43. Suppose 0 = -j*v + 9. Let z = -33 + 57. What is the highest common factor of v and z?
3
Suppose 2*k - 49 - 11 = 0. Let p = 1 - -9. What is the greatest common factor of k and p?
10
Let f(b) = 85*b - 5. Suppose 10 + 10 = 4*t. Let a be f(t). Suppose 7*u - 2*u = a. Calculate the highest common divisor of 12 and u.
12
Suppose 335 - 49 = 11*q. What is the greatest common factor of 4 and q?
2
Suppose -31*f = f - 31744. What is the greatest common factor of f and 8?
8
Let k(d) = 11*d**2 + d + 93. Let c be k(-9). Calculate the highest common divisor of 30 and c.
15
Let s be 16/(-1 - 7) + 52. What is the greatest common divisor of 125 and s?
25
Let x(g) = -g**2 + 2*g - 2. Let q(k) = -1. Let d(u) = q(u) - x(u). Let t be d(-4). Suppose 4*l - 24 = 16. Calculate the greatest common factor of l and t.
5
Let f(d) = -2*d**3 - 2*d**2 + 5*d + 3. Let y be f(-4). Suppose 5*k - y = -44. Calculate the greatest common factor of k and 1.
1
Suppose 2*c + l = 14 - 5, -24 = -5*c - l. Let f be c/20 + 21/12. Calculate the highest common divisor of f and 22.
2
Let f be 1/(-2)*(10 + -6)*-2. Suppose f*b = 5*t + 61 + 119, 5*b + 5*t - 180 = 0. Calculate the greatest common divisor of 5 and b.
5
Suppose 12 = -3*k + 5*k. Let v = 41 - 27. Let r = v - k. Calculate the highest common divisor of r and 72.
8
Suppose m - 2*h - 18 = -h, -5*m = -2*h - 75. Let b(k) = -k**3 - k + 65. Let g be b(0). Calculate the greatest common divisor of m and g.
13
Suppose 5*m + 5*i = i + 260, 0 = 2*m + 4*i - 92. Suppose m = 5